{"id":2938,"date":"2022-03-24T09:29:25","date_gmt":"2022-03-24T06:29:25","guid":{"rendered":"https:\/\/ejercongress.org\/2024\/?page_id=2938"},"modified":"2022-11-17T09:42:39","modified_gmt":"2022-11-17T06:42:39","slug":"bildiri-ozetleri-kitabi","status":"publish","type":"page","link":"https:\/\/ejercongress.org\/2024\/bildiri-ozetleri-kitabi\/","title":{"rendered":"Bildiri \u00d6zetleri Kitab\u0131"},"content":{"rendered":"\n<p><\/p>\n\n\n\n<figure class=\"wp-block-table is-style-stripes\"><table><tbody><tr><td><a href=\"http:\/\/drive.google.com\/file\/d\/1TgrJCzKDNhJiJJn594SMh1E0QscfqE4l\/view?usp=sharing\">2014&nbsp;\u0130stanbul \u00dcniversitesi<\/a><\/td><td><\/td><\/tr><tr><td><a href=\"http:\/\/drive.google.com\/file\/d\/1S_K2tKfq2M4jbMGCTR8RNZ7G6THYGEt5\/view?usp=sharing\">2015&nbsp;Hacettepe \u00dcniversitesi<\/a><\/td><td><\/td><\/tr><tr><td><a href=\"http:\/\/drive.google.com\/file\/d\/1bzD4-qpA4IEdxvbUCMYEdTmq80ETD2lw\/view?usp=sharing\">2016&nbsp;Mu\u011fla S\u0131tk\u0131 Ko\u00e7man \u00dcniversitesi<\/a><\/td><td><\/td><\/tr><tr><td><a href=\"http:\/\/drive.google.com\/file\/d\/1W6AihaqkZjZtoM0RfuQlZxkDV8Nnmqum\/view?usp=sharing\">2017&nbsp;Pamukkale \u00dcniversitesi<\/a><\/td><td><\/td><\/tr><tr><td><a href=\"http:\/\/drive.google.com\/file\/d\/1GhxNsNy4Q9DPBlTVu4k83o11hyo7XeBX\/view?usp=sharing\">2018&nbsp;Akdeniz \u00dcniversitesi<\/a><\/td><td><\/td><\/tr><tr><td><a href=\"http:\/\/drive.google.com\/file\/d\/1t2iCM1-HmwpUdbuza9XZs8RqDakZH4mJ\/view\">2019&nbsp;Ankara \u00dcniversitesi<\/a><\/td><td><\/td><\/tr><tr><td><a href=\"http:\/\/drive.google.com\/file\/d\/1JylBLeH7tNQPZDB8D-FwiVFrheClq4z_\/view?usp=sharing\">2020&nbsp;Eski\u015fehir Anadolu \u00dcniversitesi<\/a><\/td><td><\/td><\/tr><tr><td><a href=\"http:\/\/drive.google.com\/file\/d\/1KFOk3mK2WV0zG-tfvD8UqvUy1CV5x29V\/view?usp=sharing\">2021&nbsp;&nbsp;Aksaray \u00dcniversitesi<\/a><\/td><td><\/td><\/tr><tr><td><a href=\"https:\/\/ejercongress.org\/2024\/wp-content\/uploads\/2022\/11\/BILDIRI-OZETLERI-08.11.2022-1.pdf\">2022 Ege \u00dcniversitesi <\/a><\/td><td><\/td><\/tr><\/tbody><\/table><\/figure>\n","protected":false},"excerpt":{"rendered":"<p>2014&nbsp;\u0130stanbul \u00dcniversitesi 2015&nbsp;Hacettepe \u00dcniversitesi 2016&nbsp;Mu\u011fla S\u0131tk\u0131 Ko\u00e7man \u00dcniversitesi 2017&nbsp;Pamukkale \u00dcniversitesi 2018&nbsp;Akdeniz \u00dcniversitesi 2019&nbsp;Ankara \u00dcniversitesi 2020&nbsp;Eski\u015fehir Anadolu \u00dcniversitesi 2021&nbsp;&nbsp;Aksaray \u00dcniversitesi 2022 Ege \u00dcniversitesi<\/p>\n","protected":false},"author":3,"featured_media":0,"parent":0,"menu_order":0,"comment_status":"closed","ping_status":"closed","template":"","meta":{"_uag_custom_page_level_css":"","site-sidebar-layout":"default","site-content-layout":"","ast-site-content-layout":"","site-content-style":"default","site-sidebar-style":"default","ast-global-header-display":"","ast-banner-title-visibility":"","ast-main-header-display":"","ast-hfb-above-header-display":"","ast-hfb-below-header-display":"","ast-hfb-mobile-header-display":"","site-post-title":"","ast-breadcrumbs-content":"","ast-featured-img":"","footer-sml-layout":"","theme-transparent-header-meta":"","adv-header-id-meta":"","stick-header-meta":"","header-above-stick-meta":"","header-main-stick-meta":"","header-below-stick-meta":"","astra-migrate-meta-layouts":"default","ast-page-background-enabled":"default","ast-page-background-meta":{"desktop":{"background-color":"var(--ast-global-color-4)","background-image":"","background-repeat":"repeat","background-position":"center center","background-size":"auto","background-attachment":"scroll","background-type":"","background-media":"","overlay-type":"","overlay-color":"","overlay-gradient":""},"tablet":{"background-color":"","background-image":"","background-repeat":"repeat","background-position":"center center","background-size":"auto","background-attachment":"scroll","background-type":"","background-media":"","overlay-type":"","overlay-color":"","overlay-gradient":""},"mobile":{"background-color":"","background-image":"","background-repeat":"repeat","background-position":"center center","background-size":"auto","background-attachment":"scroll","background-type":"","background-media":"","overlay-type":"","overlay-color":"","overlay-gradient":""}},"ast-content-background-meta":{"desktop":{"background-color":"var(--ast-global-color-5)","background-image":"","background-repeat":"repeat","background-position":"center center","background-size":"auto","background-attachment":"scroll","background-type":"","background-media":"","overlay-type":"","overlay-color":"","overlay-gradient":""},"tablet":{"background-color":"var(--ast-global-color-5)","background-image":"","background-repeat":"repeat","background-position":"center center","background-size":"auto","background-attachment":"scroll","background-type":"","background-media":"","overlay-type":"","overlay-color":"","overlay-gradient":""},"mobile":{"background-color":"var(--ast-global-color-5)","background-image":"","background-repeat":"repeat","background-position":"center center","background-size":"auto","background-attachment":"scroll","background-type":"","background-media":"","overlay-type":"","overlay-color":"","overlay-gradient":""}},"footnotes":""},"class_list":["post-2938","page","type-page","status-publish","hentry"],"uagb_featured_image_src":{"full":false,"thumbnail":false,"medium":false,"medium_large":false,"large":false,"1536x1536":false,"2048x2048":false},"uagb_author_info":{"display_name":"An\u0131 Yay\u0131nc\u0131l\u0131k","author_link":"https:\/\/ejercongress.org\/2024\/author\/aniyayincilik\/"},"uagb_comment_info":0,"uagb_excerpt":"2014&nbsp;\u0130stanbul \u00dcniversitesi 2015&nbsp;Hacettepe \u00dcniversitesi 2016&nbsp;Mu\u011fla S\u0131tk\u0131 Ko\u00e7man \u00dcniversitesi 2017&nbsp;Pamukkale \u00dcniversitesi 2018&nbsp;Akdeniz \u00dcniversitesi 2019&nbsp;Ankara \u00dcniversitesi 2020&nbsp;Eski\u015fehir Anadolu \u00dcniversitesi 2021&nbsp;&nbsp;Aksaray \u00dcniversitesi 2022 Ege \u00dcniversitesi","_links":{"self":[{"href":"https:\/\/ejercongress.org\/2024\/wp-json\/wp\/v2\/pages\/2938","targetHints":{"allow":["GET"]}}],"collection":[{"href":"https:\/\/ejercongress.org\/2024\/wp-json\/wp\/v2\/pages"}],"about":[{"href":"https:\/\/ejercongress.org\/2024\/wp-json\/wp\/v2\/types\/page"}],"author":[{"embeddable":true,"href":"https:\/\/ejercongress.org\/2024\/wp-json\/wp\/v2\/users\/3"}],"replies":[{"embeddable":true,"href":"https:\/\/ejercongress.org\/2024\/wp-json\/wp\/v2\/comments?post=2938"}],"version-history":[{"count":0,"href":"https:\/\/ejercongress.org\/2024\/wp-json\/wp\/v2\/pages\/2938\/revisions"}],"wp:attachment":[{"href":"https:\/\/ejercongress.org\/2024\/wp-json\/wp\/v2\/media?parent=2938"}],"curies":[{"name":"wp","href":"https:\/\/api.w.org\/{rel}","templated":true}]}}