{"id":11016,"date":"2024-03-26T12:59:01","date_gmt":"2024-03-26T09:59:01","guid":{"rendered":"https:\/\/ejercongress.org\/2024\/?page_id=11016"},"modified":"2024-03-26T18:06:58","modified_gmt":"2024-03-26T15:06:58","slug":"tubitak-destegi","status":"publish","type":"page","link":"https:\/\/ejercongress.org\/2024\/tubitak-destegi\/","title":{"rendered":"T\u00dcB\u0130TAK DESTE\u011e\u0130"},"content":{"rendered":"\t\t<div data-elementor-type=\"wp-page\" data-elementor-id=\"11016\" class=\"elementor elementor-11016\">\n\t\t\t\t\t\t<section class=\"elementor-section elementor-top-section elementor-element elementor-element-138e0105 elementor-section-boxed elementor-section-height-default elementor-section-height-default\" data-id=\"138e0105\" data-element_type=\"section\">\n\t\t\t\t\t\t<div class=\"elementor-container elementor-column-gap-default\">\n\t\t\t\t\t<div class=\"elementor-column elementor-col-100 elementor-top-column elementor-element elementor-element-203d659c\" data-id=\"203d659c\" data-element_type=\"column\">\n\t\t\t<div class=\"elementor-widget-wrap elementor-element-populated\">\n\t\t\t\t\t\t<div class=\"elementor-element elementor-element-482564f3 elementor-widget__width-initial elementor-widget elementor-widget-text-editor\" data-id=\"482564f3\" data-element_type=\"widget\" data-widget_type=\"text-editor.default\">\n\t\t\t\t<div class=\"elementor-widget-container\">\n\t\t\t<style>\/*! elementor - v3.21.0 - 08-05-2024 *\/\n.elementor-widget-text-editor.elementor-drop-cap-view-stacked .elementor-drop-cap{background-color:#69727d;color:#fff}.elementor-widget-text-editor.elementor-drop-cap-view-framed .elementor-drop-cap{color:#69727d;border:3px solid;background-color:transparent}.elementor-widget-text-editor:not(.elementor-drop-cap-view-default) .elementor-drop-cap{margin-top:8px}.elementor-widget-text-editor:not(.elementor-drop-cap-view-default) .elementor-drop-cap-letter{width:1em;height:1em}.elementor-widget-text-editor .elementor-drop-cap{float:left;text-align:center;line-height:1;font-size:50px}.elementor-widget-text-editor .elementor-drop-cap-letter{display:inline-block}<\/style>\t\t\t\t<p><strong>Destek almaya hak kazanan kat\u0131l\u0131mc\u0131lar\u0131n dikkatine!<\/strong><\/p>\n<p><strong>Destek alan ki\u015filerin etkinlikten sonra B\u0130DEB\u2019e iletmesi gereken belgeler:<\/strong><\/p>\n<p>1- Taahh\u00fctname,<br>2- De\u011ferlendirme raporu,<br>3- Dizi pusulas\u0131,<br>4- Harcama belgelerinin (etkinlik kay\u0131t \u00fccreti makbuzu\/faturas\u0131, konaklama faturas\u0131) as\u0131llar\u0131*<br>5- Ba\u015fvuru sahibinin T\u00dcB\u0130TAK d\u0131\u015f\u0131nda ba\u015fka bir kurum\/kurulu\u015ftan destek al\u0131p almad\u0131\u011f\u0131n\u0131 g\u00f6steren resmi yaz\u0131**<br>6- Bildirinin s\u00f6zl\u00fc\/poster sunum i\u00e7in kabul edildi\u011fini g\u00f6steren belge<br>7- Etkinlik kat\u0131l\u0131m belgesi (Asl\u0131 gibidir onayl\u0131 sureti yeterlidir.)<\/p>\n<p>*<em>Son iki belge (6 ve 7) kongre y\u00f6netim sistemimiz \u00fczerinden al\u0131nmaktad\u0131r.<\/em><\/p>\n<p><strong><em><br><\/em><\/strong><em>Ba\u015fvuru sahiplerinin yapmalar\u0131 gerekenlerle ilgili detayl\u0131 bilgi T\u00dcB\u0130TAK internet sayfas\u0131nda<br>mevcuttur. Bununla ilgili sayfa linkleri a\u015fa\u011f\u0131dad\u0131r:<\/em><\/p>\n<ul>\n<li><strong>Y\u00fck\u00fcml\u00fcl\u00fckler i\u00e7in; <\/strong><em>https:\/\/www.tubitak.gov.tr\/tr\/destekler\/bilimsel-etkinlik\/etkinliklere-katilma-destekleri\/icerik-2224-b-yurt-ici-bilimsel-etkinliklere-katilimi-destekleme-programi<\/em><\/li>\n<li><strong>\u0130zleme belgeleri i\u00e7in;&nbsp;<\/strong><em>https:\/\/www.tubitak.gov.tr\/tr\/destekler\/bilimsel-etkinlik\/etkinliklere-katilma-destekleri\/2223a\/icerik-izleme-belgeleri<\/em><\/li>\n<li><strong><em>D\u00f6n\u00fc\u015f evraklar\u0131n\u0131n haz\u0131rlanmas\u0131yla ilgili sorular i\u00e7in; SSS; <\/em><\/strong><em>https:\/\/www.tubitak.gov.tr\/tr\/destekler\/bilimsel-etkinlik\/etkinliklere-katilma-destekleri\/2223a\/icerik-sss<\/em><\/li>\n<li><strong><em>2. D\u00f6nem T\u00dcB\u0130TAK destek ba\u015fvuru tarihleri ve detaylar\u0131 i\u00e7in; <\/em><\/strong><em>https:\/\/www.tubitak.gov.tr\/tr\/destekler\/bilimsel-etkinlik\/etkinliklere-katilma-destekleri\/2223a\/icerik-basvuru-tarihleri<\/em><\/li>\n<li><strong><em>BA\u015eVURU \u0130\u00c7\u0130N; <\/em><\/strong><em>https:\/\/www.tubitak.gov.tr\/tr\/destekler\/bilimsel-etkinlik\/etkinliklere-katilma-destekleri\/2223a\/icerik-basvuru-yontemi<\/em><\/li>\n<\/ul>\n<p><strong><br>Bilimsel etkinli\u011fin;<\/strong><\/p>\n<p><strong>Ad\u0131 \/ Konusu \/ T\u00fcr\u00fc:&nbsp;<\/strong><em>Uluslararas\u0131 Avrasya E\u011fitim Ara\u015ft\u0131rmalar\u0131 Kongresi (International Eurasian<br>Educational Research Congress) \/ E\u011fitim Ara\u015ft\u0131rmalar\u0131 \/ Kongre<\/em><\/p>\n<p><strong>Y<em>eri (\u015eehir):&nbsp;<\/em><\/strong><em>Kocaeli \u00dcniversitesi E\u011fitim Fak\u00fcltesi Kocaeli\/T\u00fcrkiye<\/em><\/p>\n<p><strong><em>Ba\u015flama ve biti\u015f tarihleri: <\/em><\/strong><em>21.05.2024 \u2013 24.05.2024<\/em><\/p>\n<ul>\n<li style=\"list-style-type: none;\">\n<ul>\n<li><strong><em>Ka\u00e7 farkl\u0131 \u015fehirden kat\u0131l\u0131m oldu\u011fu \/ toplam kat\u0131l\u0131mc\u0131 say\u0131s\u0131:&nbsp;<\/em><\/strong><em>46 farkl\u0131 \u015fehir \/ 884 kat\u0131l\u0131mc\u0131<br>(kay\u0131tl\u0131)<\/em><\/li>\n<li><strong><em>Etkinlikte kat\u0131l\u0131mc\u0131 olma d\u0131\u015f\u0131nda farkl\u0131 bir g\u00f6reviniz var m\u0131yd\u0131?&nbsp;(Oturum ba\u015fkanl\u0131\u011f\u0131,<br>moderat\u00f6r, kurul \u00fcyeli\u011fi vb.)<\/em><\/strong><\/li>\n<li><strong><em>Etkinlik ile ilgili kitap, CD ve \/ veya dergi bas\u0131ld\u0131 m\u0131?<br><\/em><\/strong><em>\u25a1 Hay\u0131r<\/em><\/li>\n<\/ul>\n<\/li>\n<\/ul>\t\t\t\t\t\t<\/div>\n\t\t\t\t<\/div>\n\t\t\t\t\t<\/div>\n\t\t<\/div>\n\t\t\t\t\t<\/div>\n\t\t<\/section>\n\t\t\t\t<\/div>\n\t\t","protected":false},"excerpt":{"rendered":"<p>Destek almaya hak kazanan kat\u0131l\u0131mc\u0131lar\u0131n dikkatine! Destek alan ki\u015filerin etkinlikten sonra B\u0130DEB\u2019e iletmesi gereken belgeler: 1- Taahh\u00fctname,2- De\u011ferlendirme raporu,3- Dizi pusulas\u0131,4- Harcama belgelerinin (etkinlik kay\u0131t \u00fccreti makbuzu\/faturas\u0131, konaklama faturas\u0131) as\u0131llar\u0131*5- Ba\u015fvuru sahibinin T\u00dcB\u0130TAK d\u0131\u015f\u0131nda ba\u015fka bir kurum\/kurulu\u015ftan destek al\u0131p almad\u0131\u011f\u0131n\u0131 g\u00f6steren resmi yaz\u0131**6- Bildirinin s\u00f6zl\u00fc\/poster sunum i\u00e7in kabul edildi\u011fini g\u00f6steren belge7- Etkinlik kat\u0131l\u0131m belgesi (Asl\u0131 [&hellip;]<\/p>\n","protected":false},"author":3,"featured_media":0,"parent":0,"menu_order":0,"comment_status":"closed","ping_status":"closed","template":"","meta":{"_uag_custom_page_level_css":"","site-sidebar-layout":"default","site-content-layout":"","ast-site-content-layout":"default","site-content-style":"default","site-sidebar-style":"default","ast-global-header-display":"","ast-banner-title-visibility":"","ast-main-header-display":"","ast-hfb-above-header-display":"","ast-hfb-below-header-display":"","ast-hfb-mobile-header-display":"","site-post-title":"","ast-breadcrumbs-content":"","ast-featured-img":"","footer-sml-layout":"","theme-transparent-header-meta":"default","adv-header-id-meta":"","stick-header-meta":"","header-above-stick-meta":"","header-main-stick-meta":"","header-below-stick-meta":"","astra-migrate-meta-layouts":"set","ast-page-background-enabled":"default","ast-page-background-meta":{"desktop":{"background-color":"var(--ast-global-color-4)","background-image":"","background-repeat":"repeat","background-position":"center center","background-size":"auto","background-attachment":"scroll","background-type":"","background-media":"","overlay-type":"","overlay-color":"","overlay-gradient":""},"tablet":{"background-color":"","background-image":"","background-repeat":"repeat","background-position":"center center","background-size":"auto","background-attachment":"scroll","background-type":"","background-media":"","overlay-type":"","overlay-color":"","overlay-gradient":""},"mobile":{"background-color":"","background-image":"","background-repeat":"repeat","background-position":"center center","background-size":"auto","background-attachment":"scroll","background-type":"","background-media":"","overlay-type":"","overlay-color":"","overlay-gradient":""}},"ast-content-background-meta":{"desktop":{"background-color":"var(--ast-global-color-5)","background-image":"","background-repeat":"repeat","background-position":"center center","background-size":"auto","background-attachment":"scroll","background-type":"","background-media":"","overlay-type":"","overlay-color":"","overlay-gradient":""},"tablet":{"background-color":"var(--ast-global-color-5)","background-image":"","background-repeat":"repeat","background-position":"center center","background-size":"auto","background-attachment":"scroll","background-type":"","background-media":"","overlay-type":"","overlay-color":"","overlay-gradient":""},"mobile":{"background-color":"var(--ast-global-color-5)","background-image":"","background-repeat":"repeat","background-position":"center center","background-size":"auto","background-attachment":"scroll","background-type":"","background-media":"","overlay-type":"","overlay-color":"","overlay-gradient":""}},"footnotes":""},"class_list":["post-11016","page","type-page","status-publish","hentry"],"uagb_featured_image_src":{"full":false,"thumbnail":false,"medium":false,"medium_large":false,"large":false,"1536x1536":false,"2048x2048":false},"uagb_author_info":{"display_name":"An\u0131 Yay\u0131nc\u0131l\u0131k","author_link":"https:\/\/ejercongress.org\/2024\/author\/aniyayincilik\/"},"uagb_comment_info":0,"uagb_excerpt":"Destek almaya hak kazanan kat\u0131l\u0131mc\u0131lar\u0131n dikkatine! Destek alan ki\u015filerin etkinlikten sonra B\u0130DEB\u2019e iletmesi gereken belgeler: 1- Taahh\u00fctname,2- De\u011ferlendirme raporu,3- Dizi pusulas\u0131,4- Harcama belgelerinin (etkinlik kay\u0131t \u00fccreti makbuzu\/faturas\u0131, konaklama faturas\u0131) as\u0131llar\u0131*5- Ba\u015fvuru sahibinin T\u00dcB\u0130TAK d\u0131\u015f\u0131nda ba\u015fka bir kurum\/kurulu\u015ftan destek al\u0131p almad\u0131\u011f\u0131n\u0131 g\u00f6steren resmi yaz\u0131**6- Bildirinin s\u00f6zl\u00fc\/poster sunum i\u00e7in kabul edildi\u011fini g\u00f6steren belge7- Etkinlik kat\u0131l\u0131m belgesi (Asl\u0131&hellip;","_links":{"self":[{"href":"https:\/\/ejercongress.org\/2024\/wp-json\/wp\/v2\/pages\/11016","targetHints":{"allow":["GET"]}}],"collection":[{"href":"https:\/\/ejercongress.org\/2024\/wp-json\/wp\/v2\/pages"}],"about":[{"href":"https:\/\/ejercongress.org\/2024\/wp-json\/wp\/v2\/types\/page"}],"author":[{"embeddable":true,"href":"https:\/\/ejercongress.org\/2024\/wp-json\/wp\/v2\/users\/3"}],"replies":[{"embeddable":true,"href":"https:\/\/ejercongress.org\/2024\/wp-json\/wp\/v2\/comments?post=11016"}],"version-history":[{"count":0,"href":"https:\/\/ejercongress.org\/2024\/wp-json\/wp\/v2\/pages\/11016\/revisions"}],"wp:attachment":[{"href":"https:\/\/ejercongress.org\/2024\/wp-json\/wp\/v2\/media?parent=11016"}],"curies":[{"name":"wp","href":"https:\/\/api.w.org\/{rel}","templated":true}]}}